{"id":3713,"date":"2024-06-23T22:21:37","date_gmt":"2024-06-23T20:21:37","guid":{"rendered":"https:\/\/www.cci.corsica\/?page_id=3713"},"modified":"2025-05-19T14:15:59","modified_gmt":"2025-05-19T12:15:59","slug":"green-bay-porti-puliti","status":"publish","type":"page","link":"https:\/\/www.cci.corsica\/co\/green-bay-porti-puliti\/","title":{"rendered":"GREEN BAY &#8211; PORTI PULITI"},"content":{"rendered":"<div data-elementor-type=\"wp-page\" data-elementor-id=\"3713\" class=\"elementor elementor-3713\" data-elementor-post-type=\"page\">\n\t\t\t\t<div class=\"elementor-element elementor-element-8eaff95 e-flex e-con-boxed e-con e-parent\" data-id=\"8eaff95\" data-element_type=\"container\">\n\t\t\t\t\t<div class=\"e-con-inner\">\n\t\t\t\t<div class=\"elementor-element elementor-element-081af52 elementor-widget elementor-widget-text-editor\" data-id=\"081af52\" data-element_type=\"widget\" data-widget_type=\"text-editor.default\">\n\t\t\t\t<div class=\"elementor-widget-container\">\n\t\t\t\t\t\t\t\t\t<h3><strong>Pr\u00e9sentation du projet\u00a0<\/strong><\/h3><p>Le 23 mai 2024, a \u00e9t\u00e9 lanc\u00e9 \u00e0 Toulon, le projet <b>Green Bay<\/b>, qui ambitionne de mettre en place un programme d&rsquo;\u00e9cocertification transfrontalier pour les ports commerciaux de passagers, align\u00e9 sur la norme europ\u00e9enne &lsquo;Ports Propres&rsquo;.<span class=\"Apple-converted-space\">\u00a0<\/span><\/p><p>Ce programme vise \u00e0 encourager les pratiques durables et \u00e0 r\u00e9duire la pollution, en \u00e9tablissant un cadre de certification robuste qui soutient la transition \u00e9cologique des ports dans la zone de coop\u00e9ration.<\/p><p>Green-Bay vise \u00e0 minorer les obstacles majeurs \u00e0 la mobilit\u00e9 dans la zone de coop\u00e9ration, en particulier autour des zones portuaires, qui sont soumises \u00e0 une forte pression anthropique et sont sensibles aux impacts du changement climatique.<\/p><p>Les bases de la durabilit\u00e9 portuaire ont \u00e9t\u00e9 pos\u00e9es au cours de la pr\u00e9c\u00e9dente programmation 2014-2020, en s\u2019appuyant sur ces bases le projet mettra en \u0153uvre plans conjoints et actions pilotes afin de d\u00e9velopper et d&rsquo;am\u00e9liorer les efforts de durabilit\u00e9.<\/p>\t\t\t\t\t\t\t\t<\/div>\n\t\t\t\t<\/div>\n\t\t\t\t<div class=\"elementor-element elementor-element-4e36ab4 elementor-widget elementor-widget-text-editor\" data-id=\"4e36ab4\" data-element_type=\"widget\" data-widget_type=\"text-editor.default\">\n\t\t\t\t<div class=\"elementor-widget-container\">\n\t\t\t\t\t\t\t\t\t<h3><strong>Objectifs<\/strong><\/h3><ul><li>Faire entrer les ports de commerce dans une d\u00e9marche \u00e9cologique, en assurer la promotion aupr\u00e8s des parties prenantes et sensibiliser les usagers des ports<span class=\"Apple-converted-space\">\u00a0<\/span><\/li><li>Enjeu d\u2019acceptabilit\u00e9 des activit\u00e9s portuaires (ferry + croisi\u00e8re)<\/li><li>Il n\u2019existe pas de norme \u00e9quivalente \u00e0 Ports Propres connue du grand public et sp\u00e9cifique aux Terminaux \u00e0 passagers<\/li><li>Disposer d\u2019un r\u00e9f\u00e9rentiel commun au niveau europ\u00e9en s\u2019appuyant sur des crit\u00e8res concrets et op\u00e9rationnels<\/li><li>L\u2019ISO 14001 est davantage connue dans le monde industriel, mais moins op\u00e9rationnel et moins communicante<\/li><\/ul>\t\t\t\t\t\t\t\t<\/div>\n\t\t\t\t<\/div>\n\t\t\t\t<div class=\"elementor-element elementor-element-7ae99b9 elementor-widget elementor-widget-text-editor\" data-id=\"7ae99b9\" data-element_type=\"widget\" data-widget_type=\"text-editor.default\">\n\t\t\t\t<div class=\"elementor-widget-container\">\n\t\t\t\t\t\t\t\t\t<h3><strong>Budget pr\u00e9visionnel par partenaire<\/strong><\/h3>\t\t\t\t\t\t\t\t<\/div>\n\t\t\t\t<\/div>\n\t\t\t\t\t<\/div>\n\t\t\t\t<\/div>\n\t\t<div class=\"elementor-element elementor-element-929386f e-flex e-con-boxed e-con e-parent\" data-id=\"929386f\" data-element_type=\"container\">\n\t\t\t\t\t<div class=\"e-con-inner\">\n\t\t\t\t<div class=\"elementor-element elementor-element-db34d12 elementor-widget elementor-widget-price-list\" data-id=\"db34d12\" data-element_type=\"widget\" data-widget_type=\"price-list.default\">\n\t\t\t\t<div class=\"elementor-widget-container\">\n\t\t\t\t\t\n\t\t<ul class=\"elementor-price-list\">\n\n\t\t\t\t\t\t\t\t\t<li class=\"elementor-price-list-item\">\t\t\t\t\n\t\t\t\t<div class=\"elementor-price-list-text\">\n\t\t\t\t\t\t\t\t\t<div class=\"elementor-price-list-header\">\n\t\t\t\t\t\t\t\t\t\t\t<span class=\"elementor-price-list-title\">\n\t\t\t\t\t\t\tCCI Territoriale du Var (Chef de file)\t\t\t\t\t\t<\/span>\n\t\t\t\t\t\t\t\t\t\t\t\t\t\t\t\t\t\t<span class=\"elementor-price-list-separator\"><\/span>\n\t\t\t\t\t\t\t\t\t\t\t\t\t\t\t\t\t\t\t<span class=\"elementor-price-list-price\">399 501,00 \u20ac<\/span>\n\t\t\t\t\t\t\t\t\t\t<\/div>\n\t\t\t\t\t\t\t\t\t\t\t\t<\/div>\n\t\t\t\t<\/li>\t\t\t\t\t\t\t\t\t\t\t\t<li class=\"elementor-price-list-item\">\t\t\t\t\n\t\t\t\t<div class=\"elementor-price-list-text\">\n\t\t\t\t\t\t\t\t\t<div class=\"elementor-price-list-header\">\n\t\t\t\t\t\t\t\t\t\t\t<span class=\"elementor-price-list-title\">\n\t\t\t\t\t\t\tAutorit\u00e9 des Syst\u00e8mes Portuaires del Mar Tirreno Settentrionale\t\t\t\t\t\t<\/span>\n\t\t\t\t\t\t\t\t\t\t\t\t\t\t\t\t\t\t<span class=\"elementor-price-list-separator\"><\/span>\n\t\t\t\t\t\t\t\t\t\t\t\t\t\t\t\t\t\t\t<span class=\"elementor-price-list-price\">216 250,00 \u20ac<\/span>\n\t\t\t\t\t\t\t\t\t\t<\/div>\n\t\t\t\t\t\t\t\t\t\t\t\t<\/div>\n\t\t\t\t<\/li>\t\t\t\t\t\t\t\t\t\t\t\t<li class=\"elementor-price-list-item\">\t\t\t\t\n\t\t\t\t<div class=\"elementor-price-list-text\">\n\t\t\t\t\t\t\t\t\t<div class=\"elementor-price-list-header\">\n\t\t\t\t\t\t\t\t\t\t\t<span class=\"elementor-price-list-title\">\n\t\t\t\t\t\t\tAutorit\u00e9 des Syst\u00e8mes Portuaires del Mar Ligure Orientale\t\t\t\t\t\t<\/span>\n\t\t\t\t\t\t\t\t\t\t\t\t\t\t\t\t\t\t<span class=\"elementor-price-list-separator\"><\/span>\n\t\t\t\t\t\t\t\t\t\t\t\t\t\t\t\t\t\t\t<span class=\"elementor-price-list-price\">186 250,00 \u20ac<\/span>\n\t\t\t\t\t\t\t\t\t\t<\/div>\n\t\t\t\t\t\t\t\t\t\t\t\t<\/div>\n\t\t\t\t<\/li>\t\t\t\t\t\t\t\t\t\t\t\t<li class=\"elementor-price-list-item\">\t\t\t\t\n\t\t\t\t<div class=\"elementor-price-list-text\">\n\t\t\t\t\t\t\t\t\t<div class=\"elementor-price-list-header\">\n\t\t\t\t\t\t\t\t\t\t\t<span class=\"elementor-price-list-title\">\n\t\t\t\t\t\t\tCCI de Corse \/ Port de commerce de Bastia\t\t\t\t\t\t<\/span>\n\t\t\t\t\t\t\t\t\t\t\t\t\t\t\t\t\t\t<span class=\"elementor-price-list-separator\"><\/span>\n\t\t\t\t\t\t\t\t\t\t\t\t\t\t\t\t\t\t\t<span class=\"elementor-price-list-price\">197 800,00 \u20ac<\/span>\n\t\t\t\t\t\t\t\t\t\t<\/div>\n\t\t\t\t\t\t\t\t\t\t\t\t<\/div>\n\t\t\t\t<\/li>\t\t\t\t\t\n\t\t<\/ul>\n\n\t\t\t\t\t\t<\/div>\n\t\t\t\t<\/div>\n\t\t\t\t<div class=\"elementor-element elementor-element-5beea87 elementor-widget elementor-widget-text-editor\" data-id=\"5beea87\" data-element_type=\"widget\" data-widget_type=\"text-editor.default\">\n\t\t\t\t<div class=\"elementor-widget-container\">\n\t\t\t\t\t\t\t\t\t<p><b><b>Total\u00a0: 999\u00a0801,00 \u20ac<\/b><\/b><\/p><p><b>Financement FEDER 80% 799\u00a0840,80 \u20ac<\/b><\/p>\t\t\t\t\t\t\t\t<\/div>\n\t\t\t\t<\/div>\n\t\t<div class=\"elementor-element elementor-element-9e95b5b e-con-full e-flex e-con e-child\" data-id=\"9e95b5b\" data-element_type=\"container\">\n\t\t<div class=\"elementor-element elementor-element-dd17c91 e-grid e-con-full e-con e-child\" data-id=\"dd17c91\" data-element_type=\"container\">\n\t\t\t\t<div class=\"elementor-element elementor-element-35d246a elementor-widget elementor-widget-button\" data-id=\"35d246a\" data-element_type=\"widget\" data-widget_type=\"button.default\">\n\t\t\t\t<div class=\"elementor-widget-container\">\n\t\t\t\t\t\t\t\t\t<div class=\"elementor-button-wrapper\">\n\t\t\t\t\t<a class=\"elementor-button elementor-button-link elementor-size-sm\" href=\"https:\/\/interreg-marittimo.eu\/fr\/web\/green-bay\/progetto\" target=\"_blank\">\n\t\t\t\t\t\t<span class=\"elementor-button-content-wrapper\">\n\t\t\t\t\t\t\t\t\t<span class=\"elementor-button-text\">Visitez le site du projet<\/span>\n\t\t\t\t\t<\/span>\n\t\t\t\t\t<\/a>\n\t\t\t\t<\/div>\n\t\t\t\t\t\t\t\t<\/div>\n\t\t\t\t<\/div>\n\t\t\t\t<\/div>\n\t\t\t\t<\/div>\n\t\t\t\t\t<\/div>\n\t\t\t\t<\/div>\n\t\t<div class=\"elementor-element elementor-element-9058f56 e-flex e-con-boxed e-con e-parent\" data-id=\"9058f56\" data-element_type=\"container\">\n\t\t\t\t\t<div class=\"e-con-inner\">\n\t\t\t\t\t<\/div>\n\t\t\t\t<\/div>\n\t\t\t\t<\/div>","protected":false},"excerpt":{"rendered":"<p>Pr\u00e9sentation du projet\u00a0 Le 23 mai 2024, a \u00e9t\u00e9 lanc\u00e9 \u00e0 Toulon, le projet Green Bay, qui ambitionne de mettre en place un programme d&rsquo;\u00e9cocertification transfrontalier pour les ports commerciaux de passagers, align\u00e9 sur la norme europ\u00e9enne &lsquo;Ports Propres&rsquo;.\u00a0 Ce programme vise \u00e0 encourager les pratiques durables et \u00e0 r\u00e9duire la pollution, en \u00e9tablissant un [&hellip;]<\/p>\n","protected":false},"author":4,"featured_media":0,"parent":0,"menu_order":0,"comment_status":"closed","ping_status":"closed","template":"","meta":{"_acf_changed":false,"_seopress_robots_primary_cat":"","_seopress_titles_title":"","_seopress_titles_desc":"","_seopress_robots_index":"","footnotes":""},"categorie-page":[],"type-de-page":[8],"class_list":["post-3713","page","type-page","status-publish","hentry","type-de-page-page-sans-image"],"acf":[],"_links":{"self":[{"href":"https:\/\/www.cci.corsica\/co\/wp-json\/wp\/v2\/pages\/3713","targetHints":{"allow":["GET"]}}],"collection":[{"href":"https:\/\/www.cci.corsica\/co\/wp-json\/wp\/v2\/pages"}],"about":[{"href":"https:\/\/www.cci.corsica\/co\/wp-json\/wp\/v2\/types\/page"}],"author":[{"embeddable":true,"href":"https:\/\/www.cci.corsica\/co\/wp-json\/wp\/v2\/users\/4"}],"replies":[{"embeddable":true,"href":"https:\/\/www.cci.corsica\/co\/wp-json\/wp\/v2\/comments?post=3713"}],"version-history":[{"count":22,"href":"https:\/\/www.cci.corsica\/co\/wp-json\/wp\/v2\/pages\/3713\/revisions"}],"predecessor-version":[{"id":7876,"href":"https:\/\/www.cci.corsica\/co\/wp-json\/wp\/v2\/pages\/3713\/revisions\/7876"}],"wp:attachment":[{"href":"https:\/\/www.cci.corsica\/co\/wp-json\/wp\/v2\/media?parent=3713"}],"wp:term":[{"taxonomy":"categorie-page","embeddable":true,"href":"https:\/\/www.cci.corsica\/co\/wp-json\/wp\/v2\/categorie-page?post=3713"},{"taxonomy":"type-de-page","embeddable":true,"href":"https:\/\/www.cci.corsica\/co\/wp-json\/wp\/v2\/type-de-page?post=3713"}],"curies":[{"name":"wp","href":"https:\/\/api.w.org\/{rel}","templated":true}]}}

<div data-elementor-type="wp-page" data-elementor-id="3713" class="elementor elementor-3713" data-elementor-post-type="page">
				<div class="elementor-element elementor-element-8eaff95 e-flex e-con-boxed e-con e-parent" data-id="8eaff95" data-element_type="container">
					<div class="e-con-inner">
				<div class="elementor-element elementor-element-081af52 elementor-widget elementor-widget-text-editor" data-id="081af52" data-element_type="widget" data-widget_type="text-editor.default">
				<div class="elementor-widget-container">
									<h3><strong>Présentation du projet </strong></h3><p>Le 23 mai 2024, a été lancé à Toulon, le projet <b>Green Bay</b>, qui ambitionne de mettre en place un programme d&rsquo;écocertification transfrontalier pour les ports commerciaux de passagers, aligné sur la norme européenne &lsquo;Ports Propres&rsquo;.<span class="Apple-converted-space"> </span></p><p>Ce programme vise à encourager les pratiques durables et à réduire la pollution, en établissant un cadre de certification robuste qui soutient la transition écologique des ports dans la zone de coopération.</p><p>Green-Bay vise à minorer les obstacles majeurs à la mobilité dans la zone de coopération, en particulier autour des zones portuaires, qui sont soumises à une forte pression anthropique et sont sensibles aux impacts du changement climatique.</p><p>Les bases de la durabilité portuaire ont été posées au cours de la précédente programmation 2014-2020, en s’appuyant sur ces bases le projet mettra en œuvre plans conjoints et actions pilotes afin de développer et d&rsquo;améliorer les efforts de durabilité.</p>								</div>
				</div>
				<div class="elementor-element elementor-element-4e36ab4 elementor-widget elementor-widget-text-editor" data-id="4e36ab4" data-element_type="widget" data-widget_type="text-editor.default">
				<div class="elementor-widget-container">
									<h3><strong>Objectifs</strong></h3><ul><li>Faire entrer les ports de commerce dans une démarche écologique, en assurer la promotion auprès des parties prenantes et sensibiliser les usagers des ports<span class="Apple-converted-space"> </span></li><li>Enjeu d’acceptabilité des activités portuaires (ferry + croisière)</li><li>Il n’existe pas de norme équivalente à Ports Propres connue du grand public et spécifique aux Terminaux à passagers</li><li>Disposer d’un référentiel commun au niveau européen s’appuyant sur des critères concrets et opérationnels</li><li>L’ISO 14001 est davantage connue dans le monde industriel, mais moins opérationnel et moins communicante</li></ul>								</div>
				</div>
				<div class="elementor-element elementor-element-7ae99b9 elementor-widget elementor-widget-text-editor" data-id="7ae99b9" data-element_type="widget" data-widget_type="text-editor.default">
				<div class="elementor-widget-container">
									<h3><strong>Budget prévisionnel par partenaire</strong></h3>								</div>
				</div>
					</div>
				</div>
		<div class="elementor-element elementor-element-929386f e-flex e-con-boxed e-con e-parent" data-id="929386f" data-element_type="container">
					<div class="e-con-inner">
				<div class="elementor-element elementor-element-db34d12 elementor-widget elementor-widget-price-list" data-id="db34d12" data-element_type="widget" data-widget_type="price-list.default">
				<div class="elementor-widget-container">
					
		<ul class="elementor-price-list">

									<li class="elementor-price-list-item">				
				<div class="elementor-price-list-text">
									<div class="elementor-price-list-header">
											<span class="elementor-price-list-title">
							CCI Territoriale du Var (Chef de file)						</span>
																		<span class="elementor-price-list-separator"></span>
																			<span class="elementor-price-list-price">399 501,00 €</span>
										</div>
												</div>
				</li>												<li class="elementor-price-list-item">				
				<div class="elementor-price-list-text">
									<div class="elementor-price-list-header">
											<span class="elementor-price-list-title">
							Autorité des Systèmes Portuaires del Mar Tirreno Settentrionale						</span>
																		<span class="elementor-price-list-separator"></span>
																			<span class="elementor-price-list-price">216 250,00 €</span>
										</div>
												</div>
				</li>												<li class="elementor-price-list-item">				
				<div class="elementor-price-list-text">
									<div class="elementor-price-list-header">
											<span class="elementor-price-list-title">
							Autorité des Systèmes Portuaires del Mar Ligure Orientale						</span>
																		<span class="elementor-price-list-separator"></span>
																			<span class="elementor-price-list-price">186 250,00 €</span>
										</div>
												</div>
				</li>												<li class="elementor-price-list-item">				
				<div class="elementor-price-list-text">
									<div class="elementor-price-list-header">
											<span class="elementor-price-list-title">
							CCI de Corse / Port de commerce de Bastia						</span>
																		<span class="elementor-price-list-separator"></span>
																			<span class="elementor-price-list-price">197 800,00 €</span>
										</div>
												</div>
				</li>					
		</ul>

						</div>
				</div>
				<div class="elementor-element elementor-element-5beea87 elementor-widget elementor-widget-text-editor" data-id="5beea87" data-element_type="widget" data-widget_type="text-editor.default">
				<div class="elementor-widget-container">
									<p><b><b>Total : 999 801,00 €</b></b></p><p><b>Financement FEDER 80% 799 840,80 €</b></p>								</div>
				</div>
		<div class="elementor-element elementor-element-9e95b5b e-con-full e-flex e-con e-child" data-id="9e95b5b" data-element_type="container">
		<div class="elementor-element elementor-element-dd17c91 e-grid e-con-full e-con e-child" data-id="dd17c91" data-element_type="container">
				<div class="elementor-element elementor-element-35d246a elementor-widget elementor-widget-button" data-id="35d246a" data-element_type="widget" data-widget_type="button.default">
				<div class="elementor-widget-container">
									<div class="elementor-button-wrapper">
					<a class="elementor-button elementor-button-link elementor-size-sm" href="https://interreg-marittimo.eu/fr/web/green-bay/progetto" target="_blank">
						<span class="elementor-button-content-wrapper">
									<span class="elementor-button-text">Visitez le site du projet</span>
					</span>
					</a>
				</div>
								</div>
				</div>
				</div>
				</div>
					</div>
				</div>
		<div class="elementor-element elementor-element-9058f56 e-flex e-con-boxed e-con e-parent" data-id="9058f56" data-element_type="container">
					<div class="e-con-inner">
					</div>
				</div>
				</div>

<p>Présentation du projet  Le 23 mai 2024, a été lancé à Toulon, le projet Green Bay, qui ambitionne de mettre en place un programme d&rsquo;écocertification transfrontalier pour les ports commerciaux de passagers, aligné sur la norme européenne &lsquo;Ports Propres&rsquo;.  Ce programme vise à encourager les pratiques durables et à réduire la pollution, en établissant un [&hellip;]</p>
